s -15 - -6b?
56
In base 3, what is -10102 + 0?
-10102
In base 13, what is 26 + -38?
-12
In base 15, what is 0 - -15?
15
In base 4, what is -1 - -11231?
11230
In base 6, what is -4 - 152?
-200
In base 10, what is 1331 + -5?
1326
In base 12, what is -1518 - 3?
-151b
In base 6, what is 3 + 34525?
34532
In base 15, what is 11 - 7?
9
In base 15, what is -1 + -51?
-52
In base 5, what is 232 - -13?
300
In base 10, what is 19 + 5?
24
In base 11, what is a68 - 5?
a63
In base 12, what is 1438 - -4?
1440
In base 16, what is 4 + b7?
bb
In base 10, what is -11 + 186?
175
In base 16, what is -335 - -3?
-332
In base 12, what is 1 - -b77?
b78
In base 8, what is 1221 - -1?
1222
In base 8, what is 21 + -6?
13
In base 16, what is -10 - d?
-1d
In base 14, what is -7 + -1?
-8
In base 11, what is 317 + 0?
317
In base 16, what is -8 + -2b?
-33
In base 2, what is 111110 - 100?
111010
In base 5, what is -223 + -2?
-230
In base 2, what is -1001 - 1110?
-10111
In base 11, what is -5a - -9?
-51
In base 3, what is -11011022 + -1?
-11011100
In base 4, what is -323 - -122?
-201
In base 15, what is -44 + -2?
-46
In base 5, what is -2 + 122023?
122021
In base 14, what is -1 - 42?
-43
In base 5, what is 4 - 1310?
-1301
In base 8, what is 7567 - 3?
7564
In base 16, what is 1 + 4d8?
4d9
In base 10, what is -393 - 6?
-399
In base 8, what is -3 - -44?
41
In base 6, what is -3112 - 2?
-3114
In base 15, what is 5 - d?
-8
In base 10, what is 16 + -633?
-617
In base 11, what is 0 + 649a?
649a
In base 16, what is 1c + -2?
1a
In base 2, what is 1 + 1001000011?
1001000100
In base 5, what is 2 + -2421?
-2414
In base 5, what is 1332 - -1?
1333
In base 16, what is -9 - -4?
-5
In base 6, what is 50 + 2?
52
In base 4, what is 2 - -1120?
1122
In base 4, what is -12 - 11331?
-12003
In base 2, what is -1101 + -11101?
-101010
In base 11, what is 4 + -77?
-73
In base 7, what is -4 + 35?
31
In base 8, what is 1321 - 13?
1306
In base 14, what is 9 - -167?
172
In base 14, what is -198 + 2?
-196
In base 6, what is 100 - -212?
312
In base 11, what is 3a8 - -2?
3aa
In base 9, what is 126 - -7?
134
In base 16, what is 1cc8 - 4?
1cc4
In base 6, what is -113 + -11?
-124
In base 9, what is -84 + 3?
-81
In base 14, what is 5 - 93?
-8c
In base 15, what is 5c - -4?
61
In base 10, what is 18188 + 3?
18191
In base 2, what is 101111 + -1100011?
-110100
In base 7, what is -10 + -130?
-140
In base 12, what is 5 + -1a?
-15
In base 5, what is 1200 + 13?
1213
In base 2, what is -101 - -10001?
1100
In base 10, what is 5 - 189?
-184
In base 11, what is -3 + 32?
2a
In base 8, what is -7 + 212?
203
In base 8, what is -1 + -36?
-37
In base 15, what is 6 - 2?
4
In base 5, what is 1010203 - -2?
1010210
In base 3, what is -20 - -12?
-1
In base 2, what is -1000011 - -1?
-1000010
In base 16, what is -1 + 35?
34
In base 14, what is 5 + -215?
-210
In base 13, what is 63 + -20?
43
In base 11, what is 709 + -4?
705
In base 14, what is -29 + 12?
-17
In base 12, what is 3 - 55?
-52
In base 10, what is 15 - 24?
-9
In base 10, what is -150 - -57?
-93
In base 8, what is 3 - -1160?
1163
In base 6, what is -10322 - 2?
-10324
In base 2, what is -100100 - -1010?
-11010
In base 7, what is -3115 - -2?
-3113
In base 11, what is 9 - -725?
733
In base 3, what is -1010 - 211?
-1221
In base 13, what is -15b - 58?
-1b6
In base 6, what is 2 + -124?
-122
In base 9, what is 4 + 863?
867
In base 10, what is -15 - -8?
-7
In base 13, what is -4 - 97?
-9b
In base 14, what is -38c9 - -2?
-38c7
In base 3, what is -121221 + -200?
-122121
In base 15, what is 0 + -69a?
-69a
In base 6, what is 3 - -32?
35
In base 5, what is -1044 - 10?
-1104
In base 5, what is -4 + -421?
-430
In base 4, what is -11 + -123?
-200
In base 9, what is -135 + -2?
-137
In base 12, what is 45 + 5?
4a
In base 6, what is 10 - 5545?
-5535
In base 3, what is -211211 - 10?
-211221
In base 11, what is -4 - 12?
-16
In base 6, what is 40 - -15?
55
In base 2, what is -11010100 + 100?
-11010000
In base 12, what is -7 + -1a?
-25
In base 2, what is -10000000111101 + 1?
-10000000111100
In base 2, what is 0 - -100001100?
100001100
In base 13, what is -153 + 0?
-153
In base 2, what is -10010 + -10011001?
-10101011
In base 15, what is 1d - 77?
-59
In base 13, what is 3b - -10?
4b
In base 14, what is -c - -182?
174
In base 9, what is 61 - -8?
70
In base 13, what is 5 + -17?
-12
In base 12, what is -5 + 24?
1b
In base 5, what is -21420 + 3?
-21412
In base 10, what is -15 - 32?
-47
In base 2, what is -10 + 10011?
10001
In base 4, what is -1101 + 1013?
-22
In base 5, what is 201 - -212?
413
In base 13, what is -83b + 5?
-836
In base 12, what is 87 + 5?
90
In base 16, what is -3 - -6b1?
6ae
In base 8, what is -4 - 1766?
-1772
In base 6, what is 55352 + -3?
55345
In base 3, what is -2220 - -20?
-2200
In base 16, what is 535 - -1?
536
In base 3, what is 1021002 + -20?
1020212
In base 11, what is 130 + 14?
144
In base 2, what is 1 - 1000101011111?
-1000101011110
In base 4, what is -3 - 311?
-320
In base 3, what is 221222 - 2?
221220
In base 16, what is -5 + -ed?
-f2
In base 2, what is -10001000010 - 11?
-10001000101
In base 14, what is -3a8 - 0?
-3a8
In base 9, what is -1 + -52?
-53
In base 16, what is 9 - 7?
2
In base 4, what is 1 + 1132?
1133
In base 14, what is b1 + 3?
b4
In base 11, what is -20 - -2?
-19
In base 3, what is 1200111 + 10?
1200121
In base 9, what is -4 + -3?
-7
In base 8, what is 5 + 351?
356
In base 13, what is -9b - 54?
-122
In base 2, what is -10001000011 + -100?
-10001000111
In base 7, what is 2114 + -3?
2111
In base 16, what is d69 - 4?
d65
In base 7, what is 464 - -5?
502
In base 6, what is -442133 + -4?
-442141
In base 9, what is 6 + 1?
7
In base 4, what is -3 + 2?
-1
In base 13, what is -2b - c?
-3a
In base 12, what is -5 + 184?
17b
In base 9, what is 34 + -1311?
-1266
In base 16, what is 2 - -20c?
20e
In base 15, what is 6 + 41?
47
In base 16, what is -1e - 9?
-27
In base 10, what is -3 + 450?
447
In base 4, what is 11 + 11333?
12010
In base 10, what is 0 - -30?
30
In base 8, what is -2 + -442?
-444
In base 14, what is -4 + 58?
54
In base 8, what is 620 + 1?
621
In base 3, what is 10200210 - 2?
10200201
In base 13, what is -798 - 4?
-79c
In base 4, what is 10130 + -1?
10123
In base 10, what is 3 + -511?
-508
In base 13, what is b3 + -11?
a2
In base 14, what is -188 - -17?
-171
In base 12, what is -3 - -11?
a
In base 3, what is -12222 + -1?
-20000
In base 12, what is 2 + -bb?
-b9
In base 11, what is -3 - -5?
2
In base 8, what is -13 - -2047?
2034
In base 4, what is 101 + 1?
102
In base 15, what is -23 - 15?
-38
In base 4, what is 3221 - -10?
3231
In base 2, what is 10111000111 - -10?
10111001001
In base 4, what is -10 + -201?
-211
In base 5, what is 322 - 300?
22
In base 12, what is 0 + -29?
-29
In base 3, what is -112 - -10?
-102
In base 3, what is 11 - 1210?
-1122
In base 5, what is 3 + -23?
-20
In base 11, what is -3 - -30?
28
In base 11, what is -54 + -4?
-58
In base 8, what is -6003 - -2?
-6001
In base 16, what is -1 + 16b?
16a
In base 7, what is -1 - -205?
204
In base 4, what is -3012 - -3?
-3003
In base 16, what is -5 + -220?
-225
In base 3, what is 12121 - -10210?
100101
In base 12, what is -5 + -703?
-708
In base 5, what is 103 - 10?
43
In base 9, what is 26 - -48?
75
In base 4, what is 303 + -212?
31
In base 11, what is -202 + -4?
-206
In base 13, what is 1 - -61?
62
In base 16, what is -5 + 11ba?
11b5
In base 13, what is -c + 2?
-a
In base 8, what is -7 - -361?
352
In base 15, what is -4 - -22?
1d
In base 6, what is -12 + 2?
-10
In base 14, what is 99d - -3?
9a2
In base 8, what is -135 + 4?
-131
In base 5, what is -4 - -10113?
10104
In base 10, what is 0 - -71?
71
In base 4, what is 3 + 31?
100
In base 10, what is -3 - 29?
-32
In base 3, what is -121 + 120?
-1
In base 2, what is -11100001100001 + 1?
-11100001100000
In base 15, what is -31 + 7?
-29
In base 3, what is 1111 + 2000?
10111
In base 10, what is 4 - 191?
-187
In base 3, what is 120 + -2122?
-2002
In base 10, what is 15 - 326?
-311
In base 3, what is 1122 + 2?
1201
In base 16, what is 1df - 0?
1df
In base 7, what is -1320 - 21?
-1341
In base 10, what is 1375 - 19?
1356
In base 6, what is 4 + -123?
-115
In base 8, what is -41144 - 1?
-41145
In base 11, what is -31 - -66?
35
In base 11, what is -4 + 181?
178
In 